 derivative of j**5/60 + j**3/3 + 7*j**2/2 + 8. Let g(s) be the second derivative of o(s). Let i be 0/(-2*(-1)/(-2)). Calculate g(i).
2
Let h(a) be the second derivative of -2/3*a**3 - a + 0 + 1/12*a**4 + a**2. Let o = -260 + 263. What is h(o)?
-1
Suppose -4*n = -b - 2 - 1, 4*n - 63 = 5*b. Let o = -825 - -835. Let u = b + o. Let y(h) = h**2 + 6*h. What is y(u)?
-5
Let t(z) = -5*z**3 - 5*z**2 + 25*z - 4. Let n(b) = -4*b**3 - 3*b**2 + 19*b - 3. Let p(m) = 4*n(m) - 3*t(m). Give p(5).
-45
Let o(i) = -7*i + 5. Let w be (35/28)/((-2)/(-8)). Determine o(w).
-30
Let l(h) = -h**2 - 10*h - 7. Suppose -5*v + 10*v = 0, 3*k = -v + 36. Let q be (-31)/4 + (-3)/k. Determine l(q).
9
Let c(k) = 5*k**2 + 5*k + 11. Let z(l) = -6*l**2 - 4*l - 12. Let u(s) = -5*c(s) - 4*z(s). Calculate u(-8).
1
Let h(m) = m**2 - 6*m - 2. Let v(s) = -s**3 + 9*s**2 - 17*s + 19. Let x be v(7). Let p be 1*x - -6 - (8 - 10). Give h(p).
-2
Let w be (-1)/(-5) - (-56)/70. Let q(v) = 3*v**2 - 1 + 0 - 2*v**2. Calculate q(w).
0
Suppose -2*k = k - 72. Let q = k + -33. Let r = q - -13. Let n(h) = -h**3 + 5*h**2 - 3*h + 3. Calculate n(r).
7
Let r(y) = -y**3 + 5*y**2 + 6*y - 5. Let z(o) = -3*o**3 + 15*o**2 + 16*o - 15. Let i(x) = 11*r(x) - 4*z(x). Suppose 5*w + 11 - 31 = 0. Give i(w).
-3
Let n(p) = -p**3 + p**2 + 2. Suppose -54*d + 12 = -48*d. Give n(d).
-2
Let k(n) = -2*n + 13. Suppose -d + 4*d - 15 = 0. Let o be k(d). Let i(x) = -2*x + 4. Determine i(o).
-2
Let u(i) = 3*i + 17*i - 10*i - 20 - 9*i. Determine u(7).
-13
Let o = 1133 - 1127. Let m(w) = -w**3 + 5*w**2 + 8*w - 6. Give m(o).
6
Let a(n) = n - n - 2*n. Suppose h = 3*m + 1 - 3, 0 = 3*h + 5*m - 22. Suppose -2*g = w + 11, 3*w - 3 = 2*g + h. What is a(w)?
2
Let a(k) = -24*k**3 + k**2 + 2*k + 1. Let u = -260 - -259. Calculate a(u).
24
Suppose 0 = -3*a + 2*x + 46, 2*a + 5*x = -3*a + 85. Let c be (-8)/a*-1*4. Let k(z) = 2*z**c + 8 - 3*z**2 + 15*z - 14*z. Calculate k(0).
8
Let i(p) be the third derivative of p**7/2520 - p**5/20 - 10*p**2. Let h(l) be the third derivative of i(l). Determine h(-4).
-8
Let x(o) = o**2 + 5*o + 5. Suppose -c - h + 4 = -0*c, 3*c = 5*h + 4. Suppose -4*b - c = 17. Give x(b).
5
Suppose -3*b + 4*b - 5 = 0. Let w(h) = -h**2 + 5*h + 6. Let k be w(b). Let t = k + -3. Let z(p) = -p + 2. What is z(t)?
-1
Let l(y) = 6*y**3 + 11*y**2 + 6*y. Let i(g) = g**3 + 2*g**2 + g. Let j(r) = -34*i(r) + 6*l(r). Calculate j(2).
12
Let v(f) = -7*f + 11. Let h(j) = 15*j - 23. Let c(t) = -6*h(t) - 13*v(t). Give c(4).
-1
Let h(a) = 4*a**2 - 7*a + 11. Let s be h(1). Let t(w) = w**3 - 9*w**2 + 5*w + 6. Calculate t(s).
-18
Suppose 0*v = d - 2*v - 6, -v = 2*d + 13. Let l(w) = w**2 + w + 2. Determine l(d).
14
Let y(g) = -6*g**2 - 2*g + 5. Let b(f) = -3*f**2 - f + 3. Let k(u) = 5*b(u) - 3*y(u). What is k(1)?
4
Let s be 291/1067 - 104/(-22). Let w(b) be the third derivative of 0*b + 1/120*b**6 + 1/6*b**4 + 0 + b**2 - 1/10*b**5 + b**3. What is w(s)?
1
Let z be (-4 - -7)/(-6)*-6. Let h(f) be the third derivative of -1/24*f**4 + 0*f + 0 + f**3 + f**2. Calculate h(z).
3
Let x(q) = -q**3 - 5*q**2 - 5*q + 3. Suppose 102*r - 98*r - 5*w = -21, -5*w = -r - 9. Calculate x(r).
7
Let f(j) = 1181*j**3 - 3*j - 2362*j**3 + 1182*j**3 + 5 - 6*j**2. Determine f(6).
-13
Let u(d) = -d**3 - 5*d**2 + 3*d. Let i be u(-4). Let o be (-6)/(i/8 + 2). Let z(k) = 4*k + 6 - 8*k + 3*k**3 - 2*k**3 + o*k**2. Determine z(-5).
1
Let x(t) = -t - 7. Let k be x(-13). Let z be 2/k + 14/(-6). Let b be 3 - (-3 - (z + 1)). Let n(h) = -h**2 + 4*h + 2. What is n(b)?
-3
Let t = 11 - 15. Suppose 6*h - 2*h - 8 = 0. Let y(v) = 7*v**2 - 6*v - 6*v**h + 0 - 2*v**2 - 5. Give y(t).
3
Let x(n) = -n**2 + 8*n - 9. Let k be x(7). Let j = 4 + k. Let l(z) = 1827*z - 2 + 1832*z + 1829*z - 5486*z. Determine l(j).
2
Let c(x) = -13*x**2 - x. Let y be c(1). Let h = y + 13. Let m be (h/(-4))/((-4)/(-16)). Let v(z) = 6*z + 1. What is v(m)?
7
Let y(h) = -5*h. Let m = 414 - 415. What is y(m)?
5
Suppose -19*v + 9*v - 220 = 0. Let n be (-4)/v + (-140)/44. Let c(d) = 4*d + 2. What is c(n)?
-10
Let l(b) = -b**3 + 12*b + 0 + 0*b - 4*b**2 - 15*b + 2. Let q be 1 + (-4)/(-6)*3. Suppose -q*v + 2*m = m + 11, -3*m = -5*v - 21. Calculate l(v).
2
Let j(q) = 11*q - 1. Let c(k) = -9*k + 1. Let t(w) = -4*c(w) - 3*j(w). Determine t(-1).
-4
Let h = 13 - 15. Let d(q) = q**2 + 2*q - 1. Let p be d(h). Let i(s) = 5*s**3 + 2*s**2 - 1. What is i(p)?
-4
Let j be 2 - (1 + 2 + -9). Let d = j + -4. Let i(y) = y. Let b(p) = -p**3 + 3*p**2 + 5*p + 5. Let m(o) = b(o) - 2*i(o). What is m(d)?
1
Let s(q) = 10*q**3 - 3*q**2 + 3*q - 5. Let t(p) = -3*p**3 + p**2 - p + 2. Let k(r) = 2*s(r) + 7*t(r). Let m = 144 + -144. What is k(m)?
4
Let f(d) = -4*d + 4. Let b(w) = -5*w + 4. Let p(a) = -3*b(a) + 4*f(a). Let h = -16 + 21. Calculate p(h).
-1
Let b(n) = -8*n + 3. Suppose -95 = 2*u - 27. Let s = -32 - u. Determine b(s).
-13
Suppose 4*r - 6*r = -8. Let x(t) = 6*t - 19. Let u(p) = 9*p - 6 + 0 - 7*p. Let f(j) = -7*u(j) + 2*x(j). Calculate f(r).
-4
Let u(z) = z - 13. Let y(w) = 2*w**2 + 6*w + 2. Let t be y(-3). Suppose -4*f = 2*k - 44, -f + t*k + 21 = 5*k. What is u(f)?
-4
Let m be (-1)/(-12)*3 + 1/(-4). Let n(f) = 5*f - 3. Let h(u) = 1 + 0*u - 4*u + 3*u. Let w(l) = 4*h(l) + n(l). Give w(m).
1
Suppose -4*f = -7*f. Let c = 167 + -163. Let i(n) = n + f*n + 0*n + c*n + 1. Give i(-1).
-4
Let x(d) = -3*d - 12. Let k(l) = 7*l + 135. Let h be k(-20). Determine x(h).
3
Let i(v) = 2*v**2 + 7*v. Let w be i(-4). Suppose 0 = w*z + 4*c + 16, 16 = -z + c - 6*c. Let g(h) be the first derivative of -h**2 + h - 1. What is g(z)?
3
Let w(f) = f**2 - 1. Let r(d) = -32*d**2 + d + 7. Let y(q) = r(q) + 6*w(q). Calculate y(-1).
-26
Suppose 3*q = 4*q - 4. Suppose -4*a + 5*x = 25, 0 = 2*a - q*a + 3*x - 15. Let d(n) be the first derivative of n**2/2 - n - 17. Give d(a).
-1
Let q = -32 - -12. Let j = 26 + q. Suppose -5*y + 3*y - j = 0. Let w(x) = x**3 + x**2 - 2*x + 2. What is w(y)?
-10
Let i(o) = -2*o**3 + 17*o**2 - 10*o - 6. Let p(z) = z**3 - 9*z**2 + 5*z + 3. Let w(y) = -3*i(y) - 5*p(y). Give w(5).
3
Let p be (-3)/6*-1*(3 - -1). Let j(c) = c**p - 3*c + 7 + 16*c - 7*c. Calculate j(-5).
2
Let w(h) be the second derivative of -h**3/3 + 2*h**2 - 31*h. Let z(j) = -j - 8. Let g be z(0). Let q(i) = i**3 + 8*i**2 - i - 5. Let u be q(g). Calculate w(u).
-2
Let p = 47 + -14. Suppose -q = -27 + p. Let c(r) = 1 + 4*r + r**2 - 1. Calculate c(q).
12
Let n(h) be the third derivative of h**6/60 - h**5/120 - 5*h**3/6 + 12*h**2. Let q(j) be the first derivative of n(j). Determine q(1).
5
Let t(p) = p**2 + p - 1. Let j(y) = 4*y**2 + 6*y + 14. Let v(w) = j(w) - 5*t(w). Let x(l) be the first derivative of v(l). Give x(4).
-7
Suppose 0 = 3*j - 5 - 13. Let u(t) = 4*t + 22*t**2 - j + 18*t**2 - 39*t**2. Give u(-5).
-1
Let n(w) = -6*w**2 + 12*w + 14. Let k(r) = r**2 - r - 2. Let t(u) = -5*k(u) - n(u). Calculate t(7).
-4
Let d(u) be the first derivative of u**3/3 - 2*u**2 - 4*u + 1824. Suppose -20 = 3*o - 8*o. Calculate d(o).
-4
Let o(i) = 4*i - 16. Suppose 9*y - 50 = -y. Give o(y).
4
Let x(i) = i**3 + i**2 + 2*i + 2. Let q(h) = -3*h + 14*h**2 + 7*h - h**3 - 2 + 11*h. Let u be q(15). Give x(u).
-6
Let s(h) = 3*h**2 - 8*h - 5. Let g be s(-6). Let q = 157 - g. Let p(r) = 2*r**2 - 9*r. Give p(q).
18
Let g(d) be the first derivative of 5*d**2/2 - 25*d - 302. Determine g(10).
25
Let j(v) = -11 - v**2 + 13 + v**3 + 0*v**2 + 0*v - v + 8. Let a be (-1 + 1)*(-1)/2. Calculate j(a).
10
Suppose -12*k + 11*k + 1 = 0. Let r(p) = k + 3*p - 2 + 26. Let j be r(-10). Let t(u) = u**2 + 7*u + 5. What is t(j)?
-5
Let x(f) = 2*f + 9. Let q be (-16)/(-2) - -11*28/(-154). Give x(q).
21
Let c(k) = 10*k**2 + 9 - 27*k - 9*k**2 + 19*k. What is c(7)?
2
Let k(d) = 3*d**2 - 3*d + 24. Let s(l) = -5*l**2 + 4*l - 37. Let h(b) = -8*k(b) - 5*s(b). Give h(-7).
14
Let o(y) = 7*y - 13. Let z(r) = -20*r + 38. Let v(g) = -17*o(g) - 6*z(g). Suppose 2*a - 12 = -2*a. Suppose i - 9 = -2*p, -5*i - a = 2. Calculate v(p).
-2
Let l = -175 + 170. Let q(w) be the third derivative of -w**5/60 - w**4/3 - w**3/2 + 4*w**2. Calculate q(l).
12
Let v(o) = -o**3 + 2*o**2 - o + 2. Let h(x) = x**2 + 7*x + 8. Let m be h(-6). Let y(j) = 7*j - m*j - 5 - 3*j. Let q be y(4). Determine v(q).
-10
Let d(k) be the third derivative of k**6/120 - 7*k**5/60 + k**4/6 + k**3/3 + k*